Last updated on 2023-12-10 00:55:42 CET.
Flavor | Version | Tinstall | Tcheck | Ttotal | Status | Flags |
---|---|---|---|---|---|---|
r-devel-linux-x86_64-debian-clang | 1.0.17 | 2.19 | 127.16 | 129.35 | NOTE | |
r-devel-linux-x86_64-debian-gcc | 1.0.17 | 1.49 | 106.15 | 107.64 | NOTE | |
r-devel-linux-x86_64-fedora-clang | 1.0.17 | 166.56 | OK | |||
r-devel-linux-x86_64-fedora-gcc | 1.0.17 | 166.63 | OK | |||
r-devel-windows-x86_64 | 1.0.17 | 3.00 | 111.00 | 114.00 | OK | |
r-patched-linux-x86_64 | 1.0.17 | 2.65 | 122.99 | 125.64 | NOTE | |
r-release-linux-x86_64 | 1.0.17 | 2.18 | 126.11 | 128.29 | NOTE | |
r-release-macos-arm64 | 1.0.17 | 96.00 | OK | |||
r-release-macos-x86_64 | 1.0.17 | 143.00 | OK | |||
r-release-windows-x86_64 | 1.0.17 | 4.00 | 134.00 | 138.00 | OK | |
r-oldrel-macos-arm64 | 1.0.17 | 82.00 | OK | |||
r-oldrel-macos-x86_64 | 1.0.17 | 99.00 | OK | |||
r-oldrel-windows-x86_64 | 1.0.17 | 4.00 | 142.00 | 146.00 | OK |
Version: 1.0.17
Check: R code for possible problems
Result: NOTE
Found the following calls to attach():
File ‘doParallel/R/doParallel.R’:
attach(exportEnv)
See section ‘Good practice’ in ‘?attach’.
Flavors: r-devel-linux-x86_64-debian-clang, r-devel-linux-x86_64-debian-gcc, r-patched-linux-x86_64, r-release-linux-x86_64