CRAN Package Check Results for Package doRedis

Last updated on 2024-07-19 00:53:17 CEST.

Flavor Version Tinstall Tcheck Ttotal Status Flags
r-devel-linux-x86_64-debian-clang 3.0.2 4.54 41.11 45.65 NOTE
r-devel-linux-x86_64-debian-gcc 3.0.2 2.94 32.80 35.74 NOTE
r-devel-linux-x86_64-fedora-clang 3.0.2 60.42 NOTE
r-devel-linux-x86_64-fedora-gcc 3.0.2 69.41 NOTE
r-devel-windows-x86_64 3.0.2 7.00 97.00 104.00 NOTE
r-patched-linux-x86_64 3.0.2 5.50 41.28 46.78 NOTE
r-release-linux-x86_64 3.0.2 3.18 41.57 44.75 NOTE
r-release-macos-arm64 3.0.2 31.00 NOTE
r-release-macos-x86_64 3.0.2 51.00 NOTE
r-release-windows-x86_64 3.0.2 8.00 99.00 107.00 NOTE
r-oldrel-macos-arm64 3.0.2 36.00 OK
r-oldrel-macos-x86_64 3.0.2 114.00 OK
r-oldrel-windows-x86_64 3.0.2 10.00 88.00 98.00 OK

Check Details

Version: 3.0.2
Check: Rd files
Result: NOTE checkRd: (-1) redisWorker.Rd:56: Lost braces; missing escapes or markup? 56 | You can increase it by including a {timeout=n} argument value. | ^ checkRd: (-1) startLocalWorkers.Rd:54: Lost braces; missing escapes or markup? 54 | You can increase it by including a {timeout=n} argument value. | ^ Flavors: r-devel-linux-x86_64-debian-clang, r-devel-linux-x86_64-debian-gcc, r-devel-linux-x86_64-fedora-clang, r-devel-linux-x86_64-fedora-gcc, r-devel-windows-x86_64, r-patched-linux-x86_64, r-release-linux-x86_64, r-release-macos-arm64, r-release-macos-x86_64, r-release-windows-x86_64

Version: 3.0.2
Check: Rd cross-references
Result: NOTE Found the following Rd file(s) with Rd \link{} targets missing package anchors: redisDelete.Rd: hiredis redisGet.Rd: hiredis redisSet.Rd: hiredis registerDoRedis.Rd: foreach Please provide package anchors for all Rd \link{} targets not in the package itself and the base packages. Flavor: r-devel-windows-x86_64