CRAN Package Check Results for Package doSNOW

Last updated on 2024-02-28 16:50:32 CET.

Flavor Version Tinstall Tcheck Ttotal Status Flags
r-devel-linux-x86_64-debian-clang 1.0.20 1.89 24.24 26.13 NOTE
r-devel-linux-x86_64-debian-gcc 1.0.20 1.66 19.36 21.02 NOTE
r-devel-linux-x86_64-fedora-clang 1.0.20 36.26 OK
r-devel-linux-x86_64-fedora-gcc 1.0.20 33.50 OK
r-devel-windows-x86_64 1.0.20 3.00 41.00 44.00 OK
r-patched-linux-x86_64 1.0.20 2.58 23.61 26.19 NOTE
r-release-linux-x86_64 1.0.20 2.59 23.77 26.36 NOTE
r-release-macos-arm64 1.0.20 16.00 OK
r-release-macos-x86_64 1.0.20 22.00 OK
r-release-windows-x86_64 1.0.20 4.00 42.00 46.00 OK
r-oldrel-macos-arm64 1.0.20 19.00 OK
r-oldrel-windows-x86_64 1.0.20 4.00 45.00 49.00 OK

Check Details

Version: 1.0.20
Check: R code for possible problems
Result: NOTE Found the following calls to attach(): File ‘doSNOW/R/doSNOW.R’: attach(exportEnv) See section ‘Good practice’ in ‘?attach’. Flavors: r-devel-linux-x86_64-debian-clang, r-devel-linux-x86_64-debian-gcc, r-patched-linux-x86_64, r-release-linux-x86_64