CRAN Package Check Results for Package docuSignr

Last updated on 2024-06-14 21:53:36 CEST.

Flavor Version Tinstall Tcheck Ttotal Status Flags
r-devel-linux-x86_64-debian-clang 0.0.3 2.30 26.85 29.15 NOTE
r-devel-linux-x86_64-debian-gcc 0.0.3 1.86 21.65 23.51 NOTE
r-devel-linux-x86_64-fedora-clang 0.0.3 37.44 NOTE
r-devel-linux-x86_64-fedora-gcc 0.0.3 36.13 NOTE
r-devel-windows-x86_64 0.0.3 4.00 44.00 48.00 NOTE
r-patched-linux-x86_64 0.0.3 2.04 26.11 28.15 NOTE
r-release-linux-x86_64 0.0.3 2.14 26.60 28.74 NOTE
r-release-macos-arm64 0.0.3 17.00 NOTE
r-release-macos-x86_64 0.0.3 26.00 NOTE
r-release-windows-x86_64 0.0.3 3.00 46.00 49.00 NOTE
r-oldrel-macos-arm64 0.0.3 17.00 NOTE
r-oldrel-macos-x86_64 0.0.3 23.00 NOTE
r-oldrel-windows-x86_64 0.0.3 4.00 45.00 49.00 NOTE

Check Details

Version: 0.0.3
Check: LazyData
Result: NOTE 'LazyData' is specified without a 'data' directory Flavors: r-devel-linux-x86_64-debian-clang, r-devel-linux-x86_64-debian-gcc, r-devel-linux-x86_64-fedora-clang, r-devel-linux-x86_64-fedora-gcc, r-devel-windows-x86_64, r-patched-linux-x86_64, r-release-linux-x86_64, r-release-macos-arm64, r-release-macos-x86_64, r-release-windows-x86_64, r-oldrel-macos-arm64, r-oldrel-macos-x86_64, r-oldrel-windows-x86_64