CRAN Package Check Results for Package dosresmeta

Last updated on 2024-05-28 08:54:32 CEST.

Flavor Version Tinstall Tcheck Ttotal Status Flags
r-devel-linux-x86_64-debian-clang 2.0.1 5.01 72.13 77.14 OK
r-devel-linux-x86_64-debian-gcc 2.0.1 4.20 50.24 54.44 WARN
r-devel-linux-x86_64-fedora-clang 2.0.1 93.34 WARN
r-devel-linux-x86_64-fedora-gcc 2.0.1 103.21 WARN
r-devel-windows-x86_64 2.0.1 5.00 107.00 112.00 OK
r-patched-linux-x86_64 2.0.1 9.25 68.81 78.06 OK
r-release-linux-x86_64 2.0.1 4.31 69.50 73.81 OK
r-release-macos-arm64 2.0.1 38.00 OK
r-release-windows-x86_64 2.0.1 5.00 105.00 110.00 OK
r-oldrel-macos-arm64 2.0.1 40.00 OK
r-oldrel-macos-x86_64 2.0.1 60.00 OK
r-oldrel-windows-x86_64 2.0.1 7.00 115.00 122.00 OK

Check Details

Version: 2.0.1
Check: re-building of vignette outputs
Result: WARN Error(s) in re-building vignettes: ... --- re-building ‘dosresmeta.Rnw’ using knitr Error: processing vignette 'dosresmeta.Rnw' failed with diagnostics: Running 'texi2dvi' on 'dosresmeta.tex' failed. LaTeX errors: ! Undefined control sequence. l.278 \hlkwd{dosresmeta}\hldef {(formula, id, type, v, cases, n, data,} \hlkw... ? ! Emergency stop. l.278 End of file on the terminal! ! ==> Fatal error occurred, no output PDF file produced! --- failed re-building ‘dosresmeta.Rnw’ SUMMARY: processing the following file failed: ‘dosresmeta.Rnw’ Error: Vignette re-building failed. Execution halted Flavor: r-devel-linux-x86_64-debian-gcc

Version: 2.0.1
Check: re-building of vignette outputs
Result: WARN Error(s) in re-building vignettes: --- re-building ‘dosresmeta.Rnw’ using knitr Error: processing vignette 'dosresmeta.Rnw' failed with diagnostics: Running 'texi2dvi' on 'dosresmeta.tex' failed. LaTeX errors: ! Undefined control sequence. l.278 \hlkwd{dosresmeta}\hldef {(formula, id, type, v, cases, n, data,} \hlkw... ? ! Emergency stop. l.278 End of file on the terminal! ! ==> Fatal error occurred, no output PDF file produced! --- failed re-building ‘dosresmeta.Rnw’ SUMMARY: processing the following file failed: ‘dosresmeta.Rnw’ Error: Vignette re-building failed. Execution halted Flavors: r-devel-linux-x86_64-fedora-clang, r-devel-linux-x86_64-fedora-gcc