Last updated on 2024-05-11 08:48:32 CEST.
Flavor | Version | Tinstall | Tcheck | Ttotal | Status | Flags |
---|---|---|---|---|---|---|
r-devel-linux-x86_64-debian-clang | 0.0.1 | 6.38 | 62.10 | 68.48 | OK | |
r-devel-linux-x86_64-debian-gcc | 0.0.1 | 5.16 | 47.10 | 52.26 | OK | |
r-devel-linux-x86_64-fedora-clang | 0.0.1 | 85.21 | NOTE | |||
r-devel-linux-x86_64-fedora-gcc | 0.0.1 | 111.58 | NOTE | |||
r-devel-windows-x86_64 | 0.0.1 | 8.00 | 64.00 | 72.00 | OK | |
r-patched-linux-x86_64 | 0.0.1 | 3.85 | 60.72 | 64.57 | OK | |
r-release-linux-x86_64 | 0.0.1 | 5.14 | 60.12 | 65.26 | OK | |
r-release-macos-arm64 | 0.0.1 | 29.00 | OK | |||
r-release-windows-x86_64 | 0.0.1 | 9.00 | 66.00 | 75.00 | OK | |
r-oldrel-macos-arm64 | 0.0.1 | 32.00 | OK | |||
r-oldrel-macos-x86_64 | 0.0.1 | 57.00 | OK | |||
r-oldrel-windows-x86_64 | 0.0.1 | 10.00 | 74.00 | 84.00 | OK |
Version: 0.0.1
Check: data for non-ASCII characters
Result: NOTE
Note: found 2 marked UTF-8 strings
Flavors: r-devel-linux-x86_64-fedora-clang, r-devel-linux-x86_64-fedora-gcc