CRAN Package Check Results for Package dotwhisker

Last updated on 2024-02-29 00:55:38 CET.

Flavor Version Tinstall Tcheck Ttotal Status Flags
r-devel-linux-x86_64-debian-clang 0.7.4 8.28 153.14 161.42 NOTE
r-devel-linux-x86_64-debian-gcc 0.7.4 5.89 113.63 119.52 NOTE
r-devel-linux-x86_64-fedora-clang 0.7.4 208.74 NOTE
r-devel-linux-x86_64-fedora-gcc 0.7.4 216.06 NOTE
r-devel-windows-x86_64 0.7.4 10.00 121.00 131.00 NOTE
r-patched-linux-x86_64 0.7.4 12.14 146.49 158.63 NOTE
r-release-linux-x86_64 0.7.4 7.42 149.06 156.48 NOTE
r-release-macos-arm64 0.7.4 69.00 NOTE
r-release-macos-x86_64 0.7.4 115.00 NOTE
r-release-windows-x86_64 0.7.4 14.00 153.00 167.00 NOTE
r-oldrel-macos-arm64 0.7.4 55.00 OK
r-oldrel-windows-x86_64 0.7.4 15.00 168.00 183.00 NOTE

Check Details

Version: 0.7.4
Check: Rd cross-references
Result: NOTE Unknown package ‘broomExtra’ in Rd xrefs Flavors: r-devel-linux-x86_64-debian-clang, r-devel-linux-x86_64-debian-gcc, r-devel-linux-x86_64-fedora-gcc, r-devel-windows-x86_64, r-patched-linux-x86_64, r-release-linux-x86_64, r-release-macos-arm64, r-release-macos-x86_64, r-release-windows-x86_64, r-oldrel-windows-x86_64

Version: 0.7.4
Check: Rd cross-references
Result: NOTE Undeclared package ‘broomExtra’ in Rd xrefs Unknown package ‘broomExtra’ in Rd xrefs Flavor: r-devel-linux-x86_64-fedora-clang