CRAN Package Check Results for Package downloadthis

Last updated on 2024-02-22 08:54:06 CET.

Flavor Version Tinstall Tcheck Ttotal Status Flags
r-devel-linux-x86_64-debian-clang 0.3.3 OK
r-devel-linux-x86_64-debian-gcc 0.3.3 2.30 37.41 39.71 OK
r-devel-linux-x86_64-fedora-clang 0.3.3 62.00 NOTE
r-devel-linux-x86_64-fedora-gcc 0.3.3 71.48 OK
r-devel-windows-x86_64 0.3.3 4.00 60.00 64.00 NOTE
r-patched-linux-x86_64 0.3.3 2.02 46.92 48.94 OK
r-release-linux-x86_64 0.3.3 1.99 46.45 48.44 OK
r-release-macos-arm64 0.3.3 40.00 NOTE
r-release-macos-x86_64 0.3.3 75.00 NOTE
r-release-windows-x86_64 0.3.3 6.00 65.00 71.00 NOTE
r-oldrel-macos-arm64 0.3.3 35.00 NOTE
r-oldrel-windows-x86_64 0.3.3 5.00 68.00 73.00 NOTE

Check Details

Version: 0.3.3
Check: installed package size
Result: NOTE installed size is 5.2Mb sub-directories of 1Mb or more: assets 2.9Mb doc 2.1Mb Flavors: r-devel-linux-x86_64-fedora-clang, r-devel-windows-x86_64, r-release-macos-arm64, r-release-macos-x86_64, r-release-windows-x86_64, r-oldrel-macos-arm64, r-oldrel-windows-x86_64