CRAN Package Check Results for Package dplyrAssist

Last updated on 2024-02-24 16:48:18 CET.

Flavor Version Tinstall Tcheck Ttotal Status Flags
r-devel-linux-x86_64-debian-clang 0.1.0 7.37 53.21 60.58 NOTE
r-devel-linux-x86_64-debian-gcc 0.1.0 5.40 66.02 71.42 NOTE
r-devel-linux-x86_64-fedora-clang 0.1.0 73.30 NOTE
r-devel-linux-x86_64-fedora-gcc 0.1.0 83.09 NOTE
r-devel-windows-x86_64 0.1.0 8.00 61.00 69.00 NOTE
r-patched-linux-x86_64 0.1.0 4.52 52.93 57.45 NOTE
r-release-linux-x86_64 0.1.0 4.16 51.08 55.24 NOTE
r-release-macos-arm64 0.1.0 36.00 NOTE
r-release-macos-x86_64 0.1.0 63.00 NOTE
r-release-windows-x86_64 0.1.0 10.00 68.00 78.00 NOTE
r-oldrel-macos-arm64 0.1.0 29.00 NOTE
r-oldrel-windows-x86_64 0.1.0 10.00 73.00 83.00 NOTE

Check Details

Version: 0.1.0
Check: LazyData
Result: NOTE 'LazyData' is specified without a 'data' directory Flavors: r-devel-linux-x86_64-debian-clang, r-devel-linux-x86_64-debian-gcc, r-devel-linux-x86_64-fedora-clang, r-devel-linux-x86_64-fedora-gcc, r-devel-windows-x86_64, r-patched-linux-x86_64, r-release-linux-x86_64, r-release-macos-arm64, r-release-macos-x86_64, r-release-windows-x86_64, r-oldrel-macos-arm64, r-oldrel-windows-x86_64

Version: 0.1.0
Check: dependencies in R code
Result: NOTE Namespaces in Imports field not imported from: ‘tidyr’ ‘tidyverse’ All declared Imports should be used. Flavors: r-devel-linux-x86_64-fedora-clang, r-devel-linux-x86_64-fedora-gcc, r-oldrel-macos-arm64