Last updated on 2024-05-04 08:51:14 CEST.
Flavor | Version | Tinstall | Tcheck | Ttotal | Status | Flags |
---|---|---|---|---|---|---|
r-devel-linux-x86_64-debian-clang | 7.13.9 | 19.80 | 208.84 | 228.64 | NOTE | |
r-devel-linux-x86_64-debian-gcc | 7.13.9 | 19.16 | 149.74 | 168.90 | NOTE | |
r-devel-linux-x86_64-fedora-clang | 7.13.9 | 280.49 | NOTE | |||
r-devel-linux-x86_64-fedora-gcc | 7.13.9 | 262.91 | NOTE | |||
r-devel-windows-x86_64 | 7.13.9 | 23.00 | 205.00 | 228.00 | NOTE | |
r-patched-linux-x86_64 | 7.13.9 | 29.92 | 194.23 | 224.15 | OK | |
r-release-linux-x86_64 | 7.13.9 | 20.36 | 197.40 | 217.76 | OK | |
r-release-macos-arm64 | 7.13.9 | 70.00 | OK | |||
r-release-macos-x86_64 | 7.13.9 | 184.00 | OK | |||
r-release-windows-x86_64 | 7.13.9 | 22.00 | 203.00 | 225.00 | OK | |
r-oldrel-macos-arm64 | 7.13.9 | 79.00 | OK | |||
r-oldrel-macos-x86_64 | 7.13.9 | 163.00 | OK | |||
r-oldrel-windows-x86_64 | 7.13.9 | 28.00 | 249.00 | 277.00 | OK |
Version: 7.13.9
Check: compiled code
Result: NOTE
File ‘drake/libs/drake.so’:
Found non-API call to R: ‘SET_ENVFLAGS’
Compiled code should not call non-API entry points in R.
See ‘Writing portable packages’ in the ‘Writing R Extensions’ manual.
Flavors: r-devel-linux-x86_64-debian-clang, r-devel-linux-x86_64-debian-gcc, r-devel-linux-x86_64-fedora-clang, r-devel-linux-x86_64-fedora-gcc
Version: 7.13.9
Check: compiled code
Result: NOTE
File 'drake/libs/x64/drake.dll':
Found non-API call to R: 'SET_ENVFLAGS'
Compiled code should not call non-API entry points in R.
See 'Writing portable packages' in the 'Writing R Extensions' manual.
Flavor: r-devel-windows-x86_64