Last updated on 2024-04-28 16:52:47 CEST.
Flavor | Version | Tinstall | Tcheck | Ttotal | Status | Flags |
---|---|---|---|---|---|---|
r-devel-linux-x86_64-debian-clang | 1.0.1 | 12.83 | 115.96 | 128.79 | OK | |
r-devel-linux-x86_64-debian-gcc | 1.0.1 | 10.15 | 85.47 | 95.62 | OK | |
r-devel-linux-x86_64-fedora-clang | 1.0.1 | 162.91 | NOTE | |||
r-devel-linux-x86_64-fedora-gcc | 1.0.1 | 156.98 | OK | |||
r-devel-windows-x86_64 | 1.0.1 | 11.00 | 88.00 | 99.00 | OK | |
r-patched-linux-x86_64 | 1.0.1 | 10.78 | 111.07 | 121.85 | OK | |
r-release-linux-x86_64 | 1.0.1 | 13.60 | 114.54 | 128.14 | OK | |
r-release-macos-arm64 | 1.0.1 | 46.00 | OK | |||
r-release-windows-x86_64 | 1.0.1 | 12.00 | 90.00 | 102.00 | OK | |
r-oldrel-macos-arm64 | 1.0.1 | 47.00 | OK | |||
r-oldrel-macos-x86_64 | 1.0.1 | 71.00 | OK | |||
r-oldrel-windows-x86_64 | 1.0.1 | 14.00 | 103.00 | 117.00 | OK |
Version: 1.0.1
Check: Rd cross-references
Result: NOTE
Undeclared package ‘SimMultiCorrData’ in Rd xrefs
Flavor: r-devel-linux-x86_64-fedora-clang