CRAN Package Check Results for Package drcSeedGerm

Last updated on 2024-03-03 01:00:41 CET.

Flavor Version Tinstall Tcheck Ttotal Status Flags
r-devel-linux-x86_64-debian-clang 1.0.1 18.08 141.98 160.06 NOTE
r-devel-linux-x86_64-debian-gcc 1.0.1 15.77 105.71 121.48 NOTE
r-devel-linux-x86_64-fedora-clang 1.0.1 209.17 NOTE
r-devel-linux-x86_64-fedora-gcc 1.0.1 201.87 NOTE
r-devel-windows-x86_64 1.0.1 18.00 121.00 139.00 OK
r-patched-linux-x86_64 1.0.1 21.15 140.32 161.47 OK
r-release-linux-x86_64 1.0.1 16.48 140.24 156.72 OK
r-release-macos-arm64 1.0.1 52.00 OK
r-release-macos-x86_64 1.0.1 79.00 OK
r-release-windows-x86_64 1.0.1 25.00 138.00 163.00 OK
r-oldrel-macos-arm64 1.0.1 47.00 OK
r-oldrel-windows-x86_64 1.0.1 23.00 148.00 171.00 OK

Check Details

Version: 1.0.1
Check: Rd files
Result: NOTE checkRd: (-1) excalibur.Rd:18: Lost braces; missing escapes or markup? 18 | \item{\code{GR}}{a numeric vector: germination rates in d^{-1}} | ^ checkRd: (-1) festuca.Rd:16: Lost braces; missing escapes or markup? 16 | \item{\code{GR}}{a numeric vector: germination rates in d^{-1}} | ^ Flavors: r-devel-linux-x86_64-debian-clang, r-devel-linux-x86_64-debian-gcc, r-devel-linux-x86_64-fedora-clang, r-devel-linux-x86_64-fedora-gcc