CRAN Package Check Results for Package dtComb

Last updated on 2024-06-05 00:48:46 CEST.

Flavor Version Tinstall Tcheck Ttotal Status Flags
r-devel-linux-x86_64-debian-clang 1.0.2 9.00 245.45 254.45 OK
r-devel-linux-x86_64-debian-gcc 1.0.2 5.74 162.31 168.05 OK
r-devel-linux-x86_64-fedora-clang 1.0.2 288.29 OK
r-devel-linux-x86_64-fedora-gcc 1.0.2 279.61 OK
r-devel-windows-x86_64 1.0.2 9.00 181.00 190.00 OK
r-patched-linux-x86_64 1.0.2 7.66 214.62 222.28 WARN
r-release-linux-x86_64 1.0.2 5.62 215.99 221.61 OK
r-release-macos-arm64 1.0.2 81.00 OK
r-release-macos-x86_64 1.0.2 137.00 OK
r-release-windows-x86_64 1.0.2 8.00 177.00 185.00 OK
r-oldrel-macos-arm64 1.0.2 78.00 OK
r-oldrel-macos-x86_64 1.0.2 123.00 OK
r-oldrel-windows-x86_64 1.0.2 10.00 237.00 247.00 OK

Check Details

Version: 1.0.2
Check: re-building of vignette outputs
Result: WARN Error(s) in re-building vignettes: ... --- re-building ‘vignettedtComb.Rnw’ using knitr Error: processing vignette 'vignettedtComb.Rnw' failed with diagnostics: Running 'texi2dvi' on 'vignettedtComb.tex' failed. LaTeX errors: ! Undefined control sequence. l.126 \hlkwd{library}\hldef {(dtComb)} ? ! Emergency stop. ! Emergency stop. l.126 End of file on the terminal! ! ==> Fatal error occurred, no output PDF file produced! --- failed re-building ‘vignettedtComb.Rnw’ SUMMARY: processing the following file failed: ‘vignettedtComb.Rnw’ Error: Vignette re-building failed. Execution halted Flavor: r-patched-linux-x86_64