CRAN Package Check Results for Package dtrackr

Last updated on 2024-02-28 16:50:32 CET.

Flavor Version Tinstall Tcheck Ttotal Status Flags
r-devel-linux-x86_64-debian-clang 0.4.4 7.06 199.78 206.84 NOTE
r-devel-linux-x86_64-debian-gcc 0.4.4 7.86 151.20 159.06 NOTE
r-devel-linux-x86_64-fedora-clang 0.4.4 258.85 NOTE
r-devel-linux-x86_64-fedora-gcc 0.4.4 275.97 NOTE
r-devel-windows-x86_64 0.4.4 10.00 187.00 197.00 OK
r-patched-linux-x86_64 0.4.4 8.15 191.85 200.00 OK
r-release-linux-x86_64 0.4.4 7.41 194.55 201.96 OK
r-release-macos-arm64 0.4.4 86.00 OK
r-release-macos-x86_64 0.4.4 185.00 OK
r-release-windows-x86_64 0.4.4 13.00 239.00 252.00 OK
r-oldrel-macos-arm64 0.4.4 78.00 OK
r-oldrel-windows-x86_64 0.4.4 16.00 221.00 237.00 OK

Check Details

Version: 0.4.4
Check: Rd files
Result: NOTE checkRd: (-1) count_subgroup.Rd:29: Lost braces; missing escapes or markup? 29 | {.subgroup} for the subgroup column name and \{.name\} for the subgroup | ^ checkRd: (-1) p_count_subgroup.Rd:29: Lost braces; missing escapes or markup? 29 | {.subgroup} for the subgroup column name and \{.name\} for the subgroup | ^ Flavors: r-devel-linux-x86_64-debian-clang, r-devel-linux-x86_64-debian-gcc, r-devel-linux-x86_64-fedora-clang, r-devel-linux-x86_64-fedora-gcc

Version: 0.4.4
Check: Rd cross-references
Result: NOTE Undeclared package ‘vctrs’ in Rd xrefs Flavor: r-devel-linux-x86_64-fedora-clang