CRAN Package Check Results for Package duawranglr

Last updated on 2024-03-03 01:00:42 CET.

Flavor Version Tinstall Tcheck Ttotal Status Flags
r-devel-linux-x86_64-debian-clang 0.6.7 2.97 37.90 40.87 OK
r-devel-linux-x86_64-debian-gcc 0.6.7 2.32 28.67 30.99 OK
r-devel-linux-x86_64-fedora-clang 0.6.7 50.66 NOTE
r-devel-linux-x86_64-fedora-gcc 0.6.7 59.62 NOTE
r-devel-windows-x86_64 0.6.7 4.00 54.00 58.00 OK
r-patched-linux-x86_64 0.6.7 3.37 35.77 39.14 OK
r-release-linux-x86_64 0.6.7 1.88 37.03 38.91 OK
r-release-macos-arm64 0.6.7 30.00 OK
r-release-macos-x86_64 0.6.7 41.00 OK
r-release-windows-x86_64 0.6.7 5.00 57.00 62.00 OK
r-oldrel-macos-arm64 0.6.7 22.00 NOTE
r-oldrel-windows-x86_64 0.6.7 5.00 56.00 61.00 OK

Check Details

Version: 0.6.7
Check: dependencies in R code
Result: NOTE Namespaces in Imports field not imported from: ‘digest’ ‘dplyr’ All declared Imports should be used. Flavors: r-devel-linux-x86_64-fedora-clang, r-devel-linux-x86_64-fedora-gcc, r-oldrel-macos-arm64