Last updated on 2023-12-03 08:50:05 CET.
Flavor | Version | Tinstall | Tcheck | Ttotal | Status | Flags |
---|---|---|---|---|---|---|
r-devel-linux-x86_64-debian-clang | 0.3.0 | 5.95 | 59.27 | 65.22 | NOTE | |
r-devel-linux-x86_64-debian-gcc | 0.3.0 | 5.29 | 42.40 | 47.69 | NOTE | |
r-devel-linux-x86_64-fedora-clang | 0.3.0 | 85.49 | NOTE | |||
r-devel-linux-x86_64-fedora-gcc | 0.3.0 | 79.97 | NOTE | |||
r-devel-windows-x86_64 | 0.3.0 | 8.00 | 62.00 | 70.00 | NOTE | |
r-patched-linux-x86_64 | 0.3.0 | 4.85 | 53.34 | 58.19 | NOTE | |
r-release-linux-x86_64 | 0.3.0 | 6.77 | 53.18 | 59.95 | NOTE | |
r-release-macos-arm64 | 0.3.0 | 27.00 | NOTE | |||
r-release-macos-x86_64 | 0.3.0 | 38.00 | NOTE | |||
r-release-windows-x86_64 | 0.3.0 | 9.00 | 66.00 | 75.00 | NOTE | |
r-oldrel-macos-arm64 | 0.3.0 | 28.00 | NOTE | |||
r-oldrel-macos-x86_64 | 0.3.0 | 51.00 | NOTE | |||
r-oldrel-windows-x86_64 | 0.3.0 | 10.00 | 73.00 | 83.00 | NOTE |
Version: 0.3.0
Check: LazyData
Result: NOTE
'LazyData' is specified without a 'data' directory
Flavors: r-devel-linux-x86_64-debian-clang, r-devel-linux-x86_64-debian-gcc, r-devel-linux-x86_64-fedora-clang, r-devel-linux-x86_64-fedora-gcc, r-devel-windows-x86_64, r-patched-linux-x86_64, r-release-linux-x86_64, r-release-macos-arm64, r-release-macos-x86_64, r-release-windows-x86_64, r-oldrel-macos-arm64, r-oldrel-macos-x86_64, r-oldrel-windows-x86_64