CRAN Package Check Results for Package dynaTree

Last updated on 2024-02-22 16:49:14 CET.

Flavor Version Tinstall Tcheck Ttotal Status Flags
r-devel-linux-x86_64-debian-clang 1.2-16 NOTE
r-devel-linux-x86_64-debian-gcc 1.2-16 12.67 47.32 59.99 NOTE
r-devel-linux-x86_64-fedora-clang 1.2-16 102.91 OK
r-devel-linux-x86_64-fedora-gcc 1.2-16 100.13 OK
r-devel-windows-x86_64 1.2-16 18.00 82.00 100.00 OK
r-patched-linux-x86_64 1.2-16 16.49 64.16 80.65 OK
r-release-linux-x86_64 1.2-16 15.12 64.25 79.37 OK
r-release-macos-arm64 1.2-16 34.00 OK
r-release-macos-x86_64 1.2-16 85.00 OK
r-release-windows-x86_64 1.2-16 18.00 91.00 109.00 OK
r-oldrel-macos-arm64 1.2-16 34.00 OK
r-oldrel-windows-x86_64 1.2-16 22.00 91.00 113.00 OK

Check Details

Version: 1.2-16
Check: Rd files
Result: NOTE checkRd: (-1) predict.dynaTree.Rd:107: Lost braces 107 | For \code{coef} a new \R{XXc} field is created so as not to trample | ^ Flavors: r-devel-linux-x86_64-debian-clang, r-devel-linux-x86_64-debian-gcc