CRAN Package Check Results for Package dyndimred

Last updated on 2024-02-22 08:54:06 CET.

Flavor Version Tinstall Tcheck Ttotal Status Flags
r-devel-linux-x86_64-debian-clang 1.0.4 NOTE
r-devel-linux-x86_64-debian-gcc 1.0.4 8.10 93.50 101.60 NOTE
r-devel-linux-x86_64-fedora-clang 1.0.4 182.71 NOTE
r-devel-linux-x86_64-fedora-gcc 1.0.4 167.79 NOTE
r-devel-windows-x86_64 1.0.4 9.00 107.00 116.00 NOTE
r-patched-linux-x86_64 1.0.4 9.18 123.89 133.07 NOTE
r-release-linux-x86_64 1.0.4 7.59 125.64 133.23 NOTE
r-release-macos-arm64 1.0.4 57.00 NOTE
r-release-macos-x86_64 1.0.4 93.00 NOTE
r-release-windows-x86_64 1.0.4 12.00 131.00 143.00 NOTE
r-oldrel-macos-arm64 1.0.4 77.00 NOTE
r-oldrel-windows-x86_64 1.0.4 13.00 137.00 150.00 NOTE

Check Details

Version: 1.0.4
Check: package dependencies
Result: NOTE Package suggested but not available for checking: ‘lle’ Flavors: r-devel-linux-x86_64-debian-clang, r-devel-linux-x86_64-debian-gcc, r-devel-linux-x86_64-fedora-clang, r-devel-linux-x86_64-fedora-gcc, r-devel-windows-x86_64, r-patched-linux-x86_64, r-release-linux-x86_64, r-release-macos-arm64, r-release-macos-x86_64, r-release-windows-x86_64, r-oldrel-windows-x86_64

Version: 1.0.4
Check: LazyData
Result: NOTE 'LazyData' is specified without a 'data' directory Flavors: r-devel-linux-x86_64-debian-clang, r-devel-linux-x86_64-debian-gcc, r-devel-linux-x86_64-fedora-clang, r-devel-linux-x86_64-fedora-gcc, r-devel-windows-x86_64, r-patched-linux-x86_64, r-release-linux-x86_64, r-release-macos-arm64, r-release-macos-x86_64, r-release-windows-x86_64, r-oldrel-macos-arm64, r-oldrel-windows-x86_64