CRAN Package Check Results for Package dynmix

Last updated on 2024-02-25 16:51:39 CET.

Flavor Version Tinstall Tcheck Ttotal Status Flags
r-devel-linux-x86_64-debian-clang 2.0 41.36 46.59 87.95 OK
r-devel-linux-x86_64-debian-gcc 2.0 25.79 36.31 62.10 OK
r-devel-linux-x86_64-fedora-clang 2.0 115.38 NOTE
r-devel-linux-x86_64-fedora-gcc 2.0 114.41 OK
r-devel-windows-x86_64 2.0 30.00 80.00 110.00 OK
r-patched-linux-x86_64 2.0 37.58 46.82 84.40 OK
r-release-linux-x86_64 2.0 33.93 46.33 80.26 OK
r-release-macos-arm64 2.0 40.00 OK
r-release-macos-x86_64 2.0 93.00 OK
r-release-windows-x86_64 2.0 38.00 89.00 127.00 OK
r-oldrel-macos-arm64 2.0 40.00 OK
r-oldrel-windows-x86_64 2.0 36.00 92.00 128.00 OK

Check Details

Version: 2.0
Check: Rd cross-references
Result: NOTE Undeclared package ‘CausalImpact’ in Rd xrefs Flavor: r-devel-linux-x86_64-fedora-clang