CRAN Package Check Results for Package dynprog

Last updated on 2024-02-28 16:50:32 CET.

Flavor Version Tinstall Tcheck Ttotal Status Flags
r-devel-linux-x86_64-debian-clang 0.1.1 2.10 37.84 39.94 NOTE
r-devel-linux-x86_64-debian-gcc 0.1.1 1.32 28.98 30.30 NOTE
r-devel-linux-x86_64-fedora-clang 0.1.1 50.52 NOTE
r-devel-linux-x86_64-fedora-gcc 0.1.1 48.42 NOTE
r-devel-windows-x86_64 0.1.1 2.00 50.00 52.00 NOTE
r-patched-linux-x86_64 0.1.1 1.80 37.88 39.68 NOTE
r-release-linux-x86_64 0.1.1 1.69 37.34 39.03 NOTE
r-release-macos-arm64 0.1.1 20.00 NOTE
r-release-macos-x86_64 0.1.1 27.00 NOTE
r-release-windows-x86_64 0.1.1 3.00 54.00 57.00 NOTE
r-oldrel-macos-arm64 0.1.1 22.00 NOTE
r-oldrel-windows-x86_64 0.1.1 3.00 55.00 58.00 NOTE

Check Details

Version: 0.1.1
Check: LazyData
Result: NOTE 'LazyData' is specified without a 'data' directory Flavors: r-devel-linux-x86_64-debian-clang, r-devel-linux-x86_64-debian-gcc, r-devel-linux-x86_64-fedora-clang, r-devel-linux-x86_64-fedora-gcc, r-devel-windows-x86_64, r-patched-linux-x86_64, r-release-linux-x86_64, r-release-macos-arm64, r-release-macos-x86_64, r-release-windows-x86_64, r-oldrel-macos-arm64, r-oldrel-windows-x86_64