CRAN Package Check Results for Package dynsurv

Last updated on 2024-02-26 08:48:43 CET.

Flavor Version Tinstall Tcheck Ttotal Status Flags
r-devel-linux-x86_64-debian-clang 0.4-6 45.82 103.39 149.21 OK
r-devel-linux-x86_64-debian-gcc 0.4-6 37.95 75.79 113.74 OK
r-devel-linux-x86_64-fedora-clang 0.4-6 181.44 OK
r-devel-linux-x86_64-fedora-gcc 0.4-6 183.93 OK
r-devel-windows-x86_64 0.4-6 34.00 112.00 146.00 OK
r-patched-linux-x86_64 0.4-6 40.52 97.17 137.69 OK
r-release-linux-x86_64 0.4-6 43.05 97.55 140.60 OK
r-release-macos-arm64 0.4-6 57.00 NOTE
r-release-macos-x86_64 0.4-6 147.00 NOTE
r-release-windows-x86_64 0.4-6 42.00 137.00 179.00 OK
r-oldrel-macos-arm64 0.4-6 59.00 NOTE
r-oldrel-windows-x86_64 0.4-6 40.00 139.00 179.00 OK

Check Details

Version: 0.4-6
Check: installed package size
Result: NOTE installed size is 5.6Mb sub-directories of 1Mb or more: libs 5.4Mb Flavors: r-release-macos-arm64, r-release-macos-x86_64, r-oldrel-macos-arm64