CRAN Package Check Results for Package eSIR

Last updated on 2024-02-27 00:59:15 CET.

Flavor Version Tinstall Tcheck Ttotal Status Flags
r-devel-linux-x86_64-debian-clang 0.4.2 11.37 95.60 106.97 NOTE
r-devel-linux-x86_64-debian-gcc 0.4.2 7.86 69.02 76.88 NOTE
r-devel-linux-x86_64-fedora-clang 0.4.2 135.33 NOTE
r-devel-linux-x86_64-fedora-gcc 0.4.2 126.79 OK
r-devel-windows-x86_64 0.4.2 11.00 95.00 106.00 OK
r-patched-linux-x86_64 0.4.2 10.94 93.72 104.66 OK
r-release-linux-x86_64 0.4.2 10.17 91.37 101.54 OK
r-release-macos-arm64 0.4.2 41.00 OK
r-release-macos-x86_64 0.4.2 64.00 OK
r-release-windows-x86_64 0.4.2 14.00 113.00 127.00 OK
r-oldrel-macos-arm64 0.4.2 45.00 OK
r-oldrel-windows-x86_64 0.4.2 13.00 117.00 130.00 OK

Check Details

Version: 0.4.2
Check: Rd files
Result: NOTE checkRd: (-1) USA_state_N.Rd:10: Lost braces in \itemize; meant \describe ? checkRd: (-1) USA_state_N.Rd:11: Lost braces in \itemize; meant \describe ? checkRd: (-1) confirmed.Rd:10: Lost braces in \itemize; meant \describe ? checkRd: (-1) confirmed.Rd:11: Lost braces in \itemize; meant \describe ? checkRd: (-1) death.Rd:10: Lost braces in \itemize; meant \describe ? checkRd: (-1) death.Rd:11: Lost braces in \itemize; meant \describe ? checkRd: (-1) recovered.Rd:10: Lost braces in \itemize; meant \describe ? checkRd: (-1) recovered.Rd:11: Lost braces in \itemize; meant \describe ? Flavors: r-devel-linux-x86_64-debian-clang, r-devel-linux-x86_64-debian-gcc, r-devel-linux-x86_64-fedora-clang