CRAN Package Check Results for Package easypower

Last updated on 2024-02-21 00:54:26 CET.

Flavor Version Tinstall Tcheck Ttotal Status Flags
r-devel-linux-x86_64-debian-clang 1.0.1 NOTE
r-devel-linux-x86_64-debian-gcc 1.0.1 1.78 17.92 19.70 NOTE
r-devel-linux-x86_64-fedora-clang 1.0.1 32.59 NOTE
r-devel-linux-x86_64-fedora-gcc 1.0.1 45.34 NOTE
r-devel-windows-x86_64 1.0.1 3.00 43.00 46.00 NOTE
r-patched-linux-x86_64 1.0.1 2.44 22.82 25.26 NOTE
r-release-linux-x86_64 1.0.1 2.30 23.20 25.50 NOTE
r-release-macos-arm64 1.0.1 24.00 NOTE
r-release-macos-x86_64 1.0.1 31.00 NOTE
r-release-windows-x86_64 1.0.1 3.00 41.00 44.00 NOTE
r-oldrel-macos-arm64 1.0.1 19.00 NOTE
r-oldrel-windows-x86_64 1.0.1 3.00 44.00 47.00 NOTE

Check Details

Version: 1.0.1
Check: LazyData
Result: NOTE 'LazyData' is specified without a 'data' directory Flavors: r-devel-linux-x86_64-debian-clang, r-devel-linux-x86_64-debian-gcc, r-devel-linux-x86_64-fedora-clang, r-devel-linux-x86_64-fedora-gcc, r-devel-windows-x86_64, r-patched-linux-x86_64, r-release-linux-x86_64, r-release-macos-arm64, r-release-macos-x86_64, r-release-windows-x86_64, r-oldrel-macos-arm64, r-oldrel-windows-x86_64