CRAN Package Check Results for Package eatATA

Last updated on 2024-03-03 01:00:42 CET.

Flavor Version Tinstall Tcheck Ttotal Status Flags
r-devel-linux-x86_64-debian-clang 1.1.2 3.45 64.20 67.65 NOTE
r-devel-linux-x86_64-debian-gcc 1.1.2 3.17 48.59 51.76 NOTE
r-devel-linux-x86_64-fedora-clang 1.1.2 84.34 NOTE
r-devel-linux-x86_64-fedora-gcc 1.1.2 104.62 NOTE
r-devel-windows-x86_64 1.1.2 4.00 76.00 80.00 NOTE
r-patched-linux-x86_64 1.1.2 5.59 61.41 67.00 NOTE
r-release-linux-x86_64 1.1.2 4.64 62.13 66.77 NOTE
r-release-macos-arm64 1.1.2 46.00 NOTE
r-release-macos-x86_64 1.1.2 107.00 NOTE
r-release-windows-x86_64 1.1.2 6.00 98.00 104.00 NOTE
r-oldrel-macos-arm64 1.1.2 46.00 NOTE
r-oldrel-windows-x86_64 1.1.2 6.00 92.00 98.00 NOTE

Check Details

Version: 1.1.2
Check: package dependencies
Result: NOTE Package which this enhances but not available for checking: ‘gurobi’ Flavors: r-devel-linux-x86_64-debian-clang, r-devel-linux-x86_64-debian-gcc, r-devel-linux-x86_64-fedora-clang, r-devel-linux-x86_64-fedora-gcc, r-devel-windows-x86_64, r-patched-linux-x86_64, r-release-linux-x86_64, r-release-macos-arm64, r-release-macos-x86_64, r-release-windows-x86_64, r-oldrel-macos-arm64, r-oldrel-windows-x86_64