CRAN Package Check Results for Package ecolRxC

Last updated on 2024-02-21 00:54:27 CET.

Flavor Version Tinstall Tcheck Ttotal Status Flags
r-devel-linux-x86_64-debian-clang 0.1.1-10 NOTE
r-devel-linux-x86_64-debian-gcc 0.1.1-10 4.68 29.78 34.46 NOTE
r-devel-linux-x86_64-fedora-clang 0.1.1-10 54.60 OK
r-devel-linux-x86_64-fedora-gcc 0.1.1-10 54.24 OK
r-devel-windows-x86_64 0.1.1-10 5.00 48.00 53.00 OK
r-patched-linux-x86_64 0.1.1-10 4.93 38.70 43.63 OK
r-release-linux-x86_64 0.1.1-10 6.30 37.65 43.95 OK
r-release-macos-arm64 0.1.1-10 22.00 OK
r-release-macos-x86_64 0.1.1-10 31.00 OK
r-release-windows-x86_64 0.1.1-10 4.00 51.00 55.00 OK
r-oldrel-macos-arm64 0.1.1-10 19.00 OK
r-oldrel-windows-x86_64 0.1.1-10 7.00 53.00 60.00 OK

Check Details

Version: 0.1.1-10
Check: Rd files
Result: NOTE checkRd: (-1) ecolRxC.Rd:161-166: Lost braces in \itemize; meant \describe ? checkRd: (-1) ecolRxC.Rd:167-175: Lost braces in \itemize; meant \describe ? checkRd: (-1) ecolRxC.Rd:176-178: Lost braces in \itemize; meant \describe ? checkRd: (-1) ecolRxC.Rd:179-185: Lost braces in \itemize; meant \describe ? checkRd: (-1) ecolRxC.Rd:186-192: Lost braces in \itemize; meant \describe ? checkRd: (-1) ecolRxC.Rd:193-201: Lost braces in \itemize; meant \describe ? checkRd: (-1) ecolRxC.Rd:202-208: Lost braces in \itemize; meant \describe ? checkRd: (-1) ecolRxC.Rd:209-216: Lost braces in \itemize; meant \describe ? checkRd: (-1) ecolRxC.Rd:217-221: Lost braces in \itemize; meant \describe ? Flavors: r-devel-linux-x86_64-debian-clang, r-devel-linux-x86_64-debian-gcc