CRAN Package Check Results for Package ecolottery

Last updated on 2024-02-23 16:53:16 CET.

Flavor Version Tinstall Tcheck Ttotal Status Flags
r-devel-linux-x86_64-debian-clang 1.0.0 OK
r-devel-linux-x86_64-debian-gcc 1.0.0 8.18 189.16 197.34 OK
r-devel-linux-x86_64-fedora-clang 1.0.0 323.13 OK
r-devel-linux-x86_64-fedora-gcc 1.0.0 334.49 OK
r-devel-windows-x86_64 1.0.0 12.00 211.00 223.00 OK
r-patched-linux-x86_64 1.0.0 16.21 269.63 285.84 OK
r-release-linux-x86_64 1.0.0 14.27 279.30 293.57 OK
r-release-macos-arm64 1.0.0 120.00 OK
r-release-macos-x86_64 1.0.0 181.00 NOTE
r-release-windows-x86_64 1.0.0 16.00 259.00 275.00 OK
r-oldrel-macos-arm64 1.0.0 114.00 OK
r-oldrel-windows-x86_64 1.0.0 16.00 272.00 288.00 OK

Check Details

Version: 1.0.0
Check: package dependencies
Result: NOTE Package suggested but not available for checking: ‘untb’ Flavor: r-release-macos-x86_64