CRAN Package Check Results for Package econetwork

Last updated on 2024-02-21 00:54:27 CET.

Flavor Version Tinstall Tcheck Ttotal Status Flags
r-devel-linux-x86_64-debian-clang 0.7.0 OK
r-devel-linux-x86_64-debian-gcc 0.7.0 50.89 104.71 155.60 OK
r-devel-linux-x86_64-fedora-clang 0.7.0 259.13 OK
r-devel-linux-x86_64-fedora-gcc 0.7.0 260.72 OK
r-devel-windows-x86_64 0.7.0 53.00 131.00 184.00 OK
r-patched-linux-x86_64 0.7.0 62.76 137.84 200.60 OK
r-release-linux-x86_64 0.7.0 63.85 138.79 202.64 OK
r-release-macos-arm64 0.7.0 78.00 NOTE
r-release-macos-x86_64 0.7.0 126.00 NOTE
r-release-windows-x86_64 0.7.0 63.00 166.00 229.00 OK
r-oldrel-macos-arm64 0.7.0 73.00 NOTE
r-oldrel-windows-x86_64 0.7.0 63.00 166.00 229.00 OK

Check Details

Version: 0.7.0
Check: installed package size
Result: NOTE installed size is 11.5Mb sub-directories of 1Mb or more: libs 11.3Mb Flavors: r-release-macos-arm64, r-release-macos-x86_64, r-oldrel-macos-arm64