Last updated on 2024-05-05 09:55:03 CEST.
Flavor | Version | Tinstall | Tcheck | Ttotal | Status | Flags |
---|---|---|---|---|---|---|
r-devel-linux-x86_64-debian-clang | 1.1.11 | 14.75 | 422.64 | 437.39 | OK | |
r-devel-linux-x86_64-debian-gcc | 1.1.11 | 9.88 | 306.27 | 316.15 | OK | |
r-devel-linux-x86_64-fedora-clang | 1.1.11 | 559.80 | OK | |||
r-devel-linux-x86_64-fedora-gcc | 1.1.11 | 558.80 | OK | |||
r-devel-windows-x86_64 | 1.1.11 | 12.00 | 286.00 | 298.00 | OK | |
r-patched-linux-x86_64 | 1.1.11 | 14.55 | 405.74 | 420.29 | OK | |
r-release-linux-x86_64 | 1.1.11 | 12.90 | 397.23 | 410.13 | NOTE | |
r-release-macos-arm64 | 1.1.11 | 157.00 | OK | |||
r-release-windows-x86_64 | 1.1.11 | 13.00 | 284.00 | 297.00 | OK | |
r-oldrel-macos-arm64 | 1.1.11 | 168.00 | OK | |||
r-oldrel-macos-x86_64 | 1.1.11 | 274.00 | OK | |||
r-oldrel-windows-x86_64 | 1.1.11 | 17.00 | 385.00 | 402.00 | OK |
Version: 1.1.11
Check: package dependencies
Result: NOTE
Package suggested but not available for checking: ‘gllvm’
Flavor: r-release-linux-x86_64