Last updated on 2024-05-02 08:57:39 CEST.
Flavor | Version | Tinstall | Tcheck | Ttotal | Status | Flags |
---|---|---|---|---|---|---|
r-devel-linux-x86_64-debian-clang | 1.2.9 | 21.07 | 92.94 | 114.01 | OK | |
r-devel-linux-x86_64-debian-gcc | 1.2.9 | 14.80 | 67.19 | 81.99 | OK | |
r-devel-linux-x86_64-fedora-clang | 1.2.9 | 136.42 | NOTE | |||
r-devel-linux-x86_64-fedora-gcc | 1.2.9 | 124.35 | NOTE | |||
r-devel-windows-x86_64 | 1.2.9 | 14.00 | 81.00 | 95.00 | OK | |
r-patched-linux-x86_64 | 1.2.9 | 18.40 | 90.67 | 109.07 | OK | |
r-release-linux-x86_64 | 1.2.9 | 14.05 | 87.36 | 101.41 | OK | |
r-release-macos-arm64 | 1.2.9 | 33.00 | OK | |||
r-release-windows-x86_64 | 1.2.9 | 15.00 | 79.00 | 94.00 | OK | |
r-oldrel-macos-arm64 | 1.2.9 | 34.00 | OK | |||
r-oldrel-macos-x86_64 | 1.2.9 | 58.00 | OK | |||
r-oldrel-windows-x86_64 | 1.2.9 | 12.00 | 94.00 | 106.00 | OK |
Version: 1.2.9
Check: data for non-ASCII characters
Result: NOTE
Note: found 5 marked UTF-8 strings
Flavors: r-devel-linux-x86_64-fedora-clang, r-devel-linux-x86_64-fedora-gcc