CRAN Package Check Results for Package edeaR

Last updated on 2024-02-26 16:56:22 CET.

Flavor Version Tinstall Tcheck Ttotal Status Flags
r-devel-linux-x86_64-debian-clang 0.9.4 20.45 211.82 232.27 OK
r-devel-linux-x86_64-debian-gcc 0.9.4 15.91 145.74 161.65 OK
r-devel-linux-x86_64-fedora-clang 0.9.4 273.91 NOTE
r-devel-linux-x86_64-fedora-gcc 0.9.4 281.39 OK
r-devel-windows-x86_64 0.9.4 17.00 155.00 172.00 OK
r-patched-linux-x86_64 0.9.4 20.72 189.91 210.63 OK
r-release-linux-x86_64 0.9.4 12.15 191.43 203.58 OK
r-release-macos-arm64 0.9.4 83.00 OK
r-release-macos-x86_64 0.9.4 159.00 OK
r-release-windows-x86_64 0.9.4 23.00 198.00 221.00 OK
r-oldrel-macos-arm64 0.9.4 75.00 OK
r-oldrel-windows-x86_64 0.9.4 23.00 198.00 221.00 OK

Check Details

Version: 0.9.4
Check: Rd cross-references
Result: NOTE Undeclared package ‘magrittr’ in Rd xrefs Flavor: r-devel-linux-x86_64-fedora-clang