CRAN Package Check Results for Package edfReader

Last updated on 2024-04-17 00:54:18 CEST.

Flavor Version Tinstall Tcheck Ttotal Status Flags
r-devel-linux-x86_64-debian-clang 1.2.1 4.97 53.03 58.00 NOTE
r-devel-linux-x86_64-debian-gcc 1.2.1 4.07 38.90 42.97 NOTE
r-devel-linux-x86_64-fedora-clang 1.2.1 70.87 NOTE
r-devel-linux-x86_64-fedora-gcc 1.2.1 80.78 NOTE
r-prerel-macos-arm64 1.2.1 30.00 NOTE
r-prerel-windows-x86_64 1.2.1 6.00 57.00 63.00 NOTE
r-patched-linux-x86_64 1.2.1 5.28 50.54 55.82 NOTE
r-release-linux-x86_64 1.2.1 4.60 50.55 55.15 NOTE
r-release-macos-arm64 1.2.1 29.00 NOTE
r-release-macos-x86_64 1.2.1 46.00 NOTE
r-release-windows-x86_64 1.2.1 5.00 65.00 70.00 NOTE
r-oldrel-macos-arm64 1.2.1 23.00 NOTE
r-oldrel-windows-x86_64 1.2.1 7.00 67.00 74.00 NOTE

Check Details

Version: 1.2.1
Check: LazyData
Result: NOTE 'LazyData' is specified without a 'data' directory Flavors: r-devel-linux-x86_64-debian-clang, r-devel-linux-x86_64-debian-gcc, r-devel-linux-x86_64-fedora-clang, r-devel-linux-x86_64-fedora-gcc, r-prerel-macos-arm64, r-prerel-windows-x86_64, r-patched-linux-x86_64, r-release-linux-x86_64, r-release-macos-arm64, r-release-macos-x86_64, r-release-windows-x86_64, r-oldrel-macos-arm64, r-oldrel-windows-x86_64