CRAN Package Check Results for Package edgebundle

Last updated on 2024-03-01 16:49:18 CET.

Flavor Version Tinstall Tcheck Ttotal Status Flags
r-devel-linux-x86_64-debian-clang 0.4.2 38.10 99.69 137.79 OK
r-devel-linux-x86_64-debian-gcc 0.4.2 31.13 75.68 106.81 OK
r-devel-linux-x86_64-fedora-clang 0.4.2 180.26 NOTE
r-devel-linux-x86_64-fedora-gcc 0.4.2 175.11 NOTE
r-devel-windows-x86_64 0.4.2 32.00 110.00 142.00 OK
r-patched-linux-x86_64 0.4.2 40.42 95.56 135.98 OK
r-release-linux-x86_64 0.4.2 36.38 95.94 132.32 OK
r-release-macos-arm64 0.4.2 54.00 OK
r-release-macos-x86_64 0.4.2 116.00 OK
r-release-windows-x86_64 0.4.2 40.00 126.00 166.00 OK
r-oldrel-macos-arm64 0.4.2 54.00 OK
r-oldrel-windows-x86_64 0.4.2 41.00 118.00 159.00 OK

Check Details

Version: 0.4.2
Check: data for non-ASCII characters
Result: NOTE Note: found 22 marked UTF-8 strings Flavors: r-devel-linux-x86_64-fedora-clang, r-devel-linux-x86_64-fedora-gcc