CRAN Package Check Results for Package edl

Last updated on 2024-03-03 01:00:42 CET.

Flavor Version Tinstall Tcheck Ttotal Status Flags
r-devel-linux-x86_64-debian-clang 1.1 4.29 97.53 101.82 OK
r-devel-linux-x86_64-debian-gcc 1.1 3.64 71.15 74.79 OK
r-devel-linux-x86_64-fedora-clang 1.1 122.29 NOTE
r-devel-linux-x86_64-fedora-gcc 1.1 129.19 OK
r-devel-windows-x86_64 1.1 5.00 94.00 99.00 OK
r-patched-linux-x86_64 1.1 6.39 92.84 99.23 OK
r-release-linux-x86_64 1.1 3.97 92.65 96.62 OK
r-release-macos-arm64 1.1 38.00 OK
r-release-macos-x86_64 1.1 72.00 OK
r-release-windows-x86_64 1.1 5.00 113.00 118.00 OK
r-oldrel-macos-arm64 1.1 32.00 OK
r-oldrel-windows-x86_64 1.1 6.00 105.00 111.00 OK

Check Details

Version: 1.1
Check: Rd cross-references
Result: NOTE Undeclared package ‘ndl’ in Rd xrefs Flavor: r-devel-linux-x86_64-fedora-clang