CRAN Package Check Results for Package emojifont

Last updated on 2024-03-03 01:00:42 CET.

Flavor Version Tinstall Tcheck Ttotal Status Flags
r-devel-linux-x86_64-debian-clang 0.5.5 6.46 57.55 64.01 OK
r-devel-linux-x86_64-debian-gcc 0.5.5 5.09 43.90 48.99 OK
r-devel-linux-x86_64-fedora-clang 0.5.5 80.22 NOTE
r-devel-linux-x86_64-fedora-gcc 0.5.5 85.26 OK
r-devel-windows-x86_64 0.5.5 7.00 70.00 77.00 NOTE
r-patched-linux-x86_64 0.5.5 6.08 55.31 61.39 OK
r-release-linux-x86_64 0.5.5 6.62 55.27 61.89 OK
r-release-macos-arm64 0.5.5 34.00 NOTE
r-release-macos-x86_64 0.5.5 52.00 NOTE
r-release-windows-x86_64 0.5.5 11.00 77.00 88.00 NOTE
r-oldrel-macos-arm64 0.5.5 26.00 NOTE
r-oldrel-windows-x86_64 0.5.5 9.00 75.00 84.00 NOTE

Check Details

Version: 0.5.5
Check: installed package size
Result: NOTE installed size is 7.0Mb sub-directories of 1Mb or more: emoji_fonts 6.5Mb Flavors: r-devel-linux-x86_64-fedora-clang, r-devel-windows-x86_64, r-release-macos-arm64, r-release-macos-x86_64, r-release-windows-x86_64, r-oldrel-macos-arm64, r-oldrel-windows-x86_64