CRAN Package Check Results for Package enetLTS

Last updated on 2024-02-28 16:50:32 CET.

Flavor Version Tinstall Tcheck Ttotal Status Flags
r-devel-linux-x86_64-debian-clang 1.1.0 13.13 114.77 127.90 NOTE
r-devel-linux-x86_64-debian-gcc 1.1.0 13.03 86.06 99.09 NOTE
r-devel-linux-x86_64-fedora-clang 1.1.0 163.51 NOTE
r-devel-linux-x86_64-fedora-gcc 1.1.0 162.75 NOTE
r-devel-windows-x86_64 1.1.0 14.00 96.00 110.00 OK
r-patched-linux-x86_64 1.1.0 14.72 111.51 126.23 OK
r-release-linux-x86_64 1.1.0 12.89 112.39 125.28 OK
r-release-macos-arm64 1.1.0 51.00 OK
r-release-macos-x86_64 1.1.0 76.00 OK
r-release-windows-x86_64 1.1.0 18.00 115.00 133.00 OK
r-oldrel-macos-arm64 1.1.0 54.00 OK
r-oldrel-windows-x86_64 1.1.0 18.00 118.00 136.00 OK

Check Details

Version: 1.1.0
Check: Rd files
Result: NOTE checkRd: (-1) enetLTS-package.Rd:41: Lost braces; missing escapes or markup? 41 | \code{family="binomial"} should be a factor with two levels which is coded as \code{0} and {1}. | ^ Flavors: r-devel-linux-x86_64-debian-clang, r-devel-linux-x86_64-debian-gcc, r-devel-linux-x86_64-fedora-clang, r-devel-linux-x86_64-fedora-gcc