Last updated on 2024-04-28 08:54:47 CEST.
Flavor | Version | Tinstall | Tcheck | Ttotal | Status | Flags |
---|---|---|---|---|---|---|
r-devel-linux-x86_64-debian-clang | 3.2 | 5.53 | 60.42 | 65.95 | OK | |
r-devel-linux-x86_64-debian-gcc | 3.2 | 4.10 | 45.62 | 49.72 | OK | |
r-devel-linux-x86_64-fedora-clang | 3.2 | 83.94 | OK | |||
r-devel-linux-x86_64-fedora-gcc | 3.2 | 90.69 | OK | |||
r-devel-windows-x86_64 | 3.2 | 9.00 | 90.00 | 99.00 | OK | |
r-patched-linux-x86_64 | 3.2 | 11.53 | 58.01 | 69.54 | OK | |
r-release-linux-x86_64 | 3.2 | 5.99 | 56.40 | 62.39 | OK | |
r-release-macos-arm64 | 3.2 | 77.00 | OK | |||
r-release-windows-x86_64 | 3.2 | 10.00 | 87.00 | 97.00 | OK | |
r-oldrel-macos-arm64 | 3.2 | 80.00 | OK | |||
r-oldrel-macos-x86_64 | 3.2 | 101.00 | OK | |||
r-oldrel-windows-x86_64 | 3.2 | 11.00 | 89.00 | 100.00 | ERROR |
Version: 3.2
Check: examples
Result: ERROR
Running examples in 'enrichR-Ex.R' failed
The error most likely occurred in:
> ### Name: enrichr
> ### Title: Gene enrichment using Enrichr
> ### Aliases: enrichr
>
> ### ** Examples
>
> dbs <- listEnrichrDbs()
> dbs <- c("GO_Molecular_Function_2018", "GO_Cellular_Component_2018",
+ "GO_Biological_Process_2018")
> enriched <- enrichr(c("Runx1", "Gfi1", "Gfi1b", "Spi1", "Gata1", "Kdr"), dbs)
Uploading data to Enrichr... Done.
Querying GO_Molecular_Function_2018... Error in scan(file = file, what = what, sep = sep, quote = quote, dec = dec, :
line 9 did not have 2 elements
Calls: enrichr -> lapply -> FUN -> read.table -> scan
Execution halted
Flavor: r-oldrel-windows-x86_64