CRAN Package Check Results for Package envoutliers

Last updated on 2024-02-26 16:56:23 CET.

Flavor Version Tinstall Tcheck Ttotal Status Flags
r-devel-linux-x86_64-debian-clang 1.1.0 11.80 90.86 102.66 NOTE
r-devel-linux-x86_64-debian-gcc 1.1.0 9.77 69.93 79.70 NOTE
r-devel-linux-x86_64-fedora-clang 1.1.0 126.52 NOTE
r-devel-linux-x86_64-fedora-gcc 1.1.0 127.88 NOTE
r-devel-windows-x86_64 1.1.0 12.00 93.00 105.00 NOTE
r-patched-linux-x86_64 1.1.0 12.50 88.37 100.87 NOTE
r-release-linux-x86_64 1.1.0 9.45 90.01 99.46 NOTE
r-release-macos-arm64 1.1.0 43.00 NOTE
r-release-macos-x86_64 1.1.0 63.00 NOTE
r-release-windows-x86_64 1.1.0 16.00 109.00 125.00 NOTE
r-oldrel-macos-arm64 1.1.0 39.00 NOTE
r-oldrel-windows-x86_64 1.1.0 15.00 103.00 118.00 NOTE

Check Details

Version: 1.1.0
Check: Rd files
Result: NOTE checkRd: (-1) EV.plot.Rd:16: Lost braces in \itemize; meant \describe ? checkRd: (-1) EV.plot.Rd:17: Lost braces in \itemize; meant \describe ? checkRd: (-1) EV.plot.Rd:18: Lost braces in \itemize; meant \describe ? checkRd: (-1) KRDetect.outliers.EV.Rd:34: Lost braces in \itemize; meant \describe ? checkRd: (-1) KRDetect.outliers.EV.Rd:35: Lost braces in \itemize; meant \describe ? checkRd: (-1) KRDetect.outliers.EV.Rd:44: Lost braces in \itemize; meant \describe ? checkRd: (-1) KRDetect.outliers.EV.Rd:52: Lost braces in \itemize; meant \describe ? checkRd: (-1) KRDetect.outliers.EV.Rd:53: Lost braces in \itemize; meant \describe ? checkRd: (-1) KRDetect.outliers.EV.Rd:72: Lost braces in \itemize; meant \describe ? checkRd: (-1) KRDetect.outliers.EV.Rd:73: Lost braces in \itemize; meant \describe ? checkRd: (-1) KRDetect.outliers.EV.Rd:74: Lost braces in \itemize; meant \describe ? checkRd: (-1) KRDetect.outliers.EV.Rd:75: Lost braces in \itemize; meant \describe ? checkRd: (-1) KRDetect.outliers.EV.Rd:76: Lost braces in \itemize; meant \describe ? checkRd: (-1) KRDetect.outliers.EV.Rd:77: Lost braces in \itemize; meant \describe ? checkRd: (-1) KRDetect.outliers.changepoint.Rd:33: Lost braces in \itemize; meant \describe ? checkRd: (-1) KRDetect.outliers.changepoint.Rd:34: Lost braces in \itemize; meant \describe ? checkRd: (-1) KRDetect.outliers.changepoint.Rd:43: Lost braces in \itemize; meant \describe ? checkRd: (-1) KRDetect.outliers.changepoint.Rd:51: Lost braces in \itemize; meant \describe ? checkRd: (-1) KRDetect.outliers.changepoint.Rd:52: Lost braces in \itemize; meant \describe ? checkRd: (-1) KRDetect.outliers.changepoint.Rd:71: Lost braces in \itemize; meant \describe ? checkRd: (-1) KRDetect.outliers.changepoint.Rd:72: Lost braces in \itemize; meant \describe ? checkRd: (-1) KRDetect.outliers.changepoint.Rd:73: Lost braces in \itemize; meant \describe ? checkRd: (-1) KRDetect.outliers.changepoint.Rd:74: Lost braces in \itemize; meant \describe ? checkRd: (-1) KRDetect.outliers.controlchart.Rd:28: Lost braces in \itemize; meant \describe ? checkRd: (-1) KRDetect.outliers.controlchart.Rd:29: Lost braces in \itemize; meant \describe ? checkRd: (-1) KRDetect.outliers.controlchart.Rd:38: Lost braces in \itemize; meant \describe ? checkRd: (-1) KRDetect.outliers.controlchart.Rd:46: Lost braces in \itemize; meant \describe ? checkRd: (-1) KRDetect.outliers.controlchart.Rd:47: Lost braces in \itemize; meant \describe ? checkRd: (-1) MRL.plot.Rd:39: Lost braces in \itemize; meant \describe ? checkRd: (-1) MRL.plot.Rd:40: Lost braces in \itemize; meant \describe ? checkRd: (-1) changepoint.Rd:16: Lost braces in \itemize; meant \describe ? checkRd: (-1) changepoint.Rd:17: Lost braces in \itemize; meant \describe ? checkRd: (-1) control.limits.x.Rd:16: Lost braces in \itemize; meant \describe ? checkRd: (-1) control.limits.x.Rd:17: Lost braces in \itemize; meant \describe ? checkRd: (-1) controlchart.plot.Rd:16: Lost braces in \itemize; meant \describe ? checkRd: (-1) controlchart.plot.Rd:17: Lost braces in \itemize; meant \describe ? checkRd: (-1) controlchart.plot.Rd:18: Lost braces in \itemize; meant \describe ? checkRd: (-1) controlchart.plot.Rd:19: Lost braces in \itemize; meant \describe ? checkRd: (-1) plot.KRDetect.Rd:19: Lost braces in \itemize; meant \describe ? checkRd: (-1) plot.KRDetect.Rd:20: Lost braces in \itemize; meant \describe ? checkRd: (-1) plot.KRDetect.Rd:21: Lost braces in \itemize; meant \describe ? checkRd: (-1) plot.KRDetect.Rd:22: Lost braces in \itemize; meant \describe ? checkRd: (-1) plot.KRDetect.Rd:27: Lost braces in \itemize; meant \describe ? checkRd: (-1) plot.KRDetect.Rd:28: Lost braces in \itemize; meant \describe ? checkRd: (-1) plot.KRDetect.Rd:29: Lost braces in \itemize; meant \describe ? checkRd: (-1) smoothing.Rd:26: Lost braces in \itemize; meant \describe ? checkRd: (-1) smoothing.Rd:27: Lost braces in \itemize; meant \describe ? checkRd: (-1) smoothing.Rd:36: Lost braces in \itemize; meant \describe ? checkRd: (-1) stability.plot.Rd:39: Lost braces in \itemize; meant \describe ? checkRd: (-1) stability.plot.Rd:40: Lost braces in \itemize; meant \describe ? Flavors: r-devel-linux-x86_64-debian-clang, r-devel-linux-x86_64-debian-gcc

Version: 1.1.0
Check: LazyData
Result: NOTE 'LazyData' is specified without a 'data' directory Flavors: r-devel-linux-x86_64-debian-clang, r-devel-linux-x86_64-debian-gcc, r-devel-linux-x86_64-fedora-clang, r-devel-linux-x86_64-fedora-gcc, r-devel-windows-x86_64, r-patched-linux-x86_64, r-release-linux-x86_64, r-release-macos-arm64, r-release-macos-x86_64, r-release-windows-x86_64, r-oldrel-macos-arm64, r-oldrel-windows-x86_64