CRAN Package Check Results for Package epicontacts

Last updated on 2024-02-22 08:54:07 CET.

Flavor Version Tinstall Tcheck Ttotal Status Flags
r-devel-linux-x86_64-debian-clang 1.1.3 OK
r-devel-linux-x86_64-debian-gcc 1.1.3 3.92 44.98 48.90 OK
r-devel-linux-x86_64-fedora-clang 1.1.3 79.33 NOTE
r-devel-linux-x86_64-fedora-gcc 1.1.3 92.14 NOTE
r-devel-windows-x86_64 1.1.3 5.00 68.00 73.00 OK
r-patched-linux-x86_64 1.1.3 5.79 58.07 63.86 OK
r-release-linux-x86_64 1.1.3 3.14 57.39 60.53 OK
r-release-macos-arm64 1.1.3 38.00 OK
r-release-macos-x86_64 1.1.3 56.00 OK
r-release-windows-x86_64 1.1.3 7.00 77.00 84.00 OK
r-oldrel-macos-arm64 1.1.3 31.00 OK
r-oldrel-windows-x86_64 1.1.3 6.00 80.00 86.00 OK

Check Details

Version: 1.1.3
Check: dependencies in R code
Result: NOTE Namespace in Imports field not imported from: ‘colorspace’ All declared Imports should be used. Flavors: r-devel-linux-x86_64-fedora-clang, r-devel-linux-x86_64-fedora-gcc