CRAN Package Check Results for Package epikit

Last updated on 2024-03-03 01:00:42 CET.

Flavor Version Tinstall Tcheck Ttotal Status Flags
r-devel-linux-x86_64-debian-clang 0.1.6 9.05 85.19 94.24 NOTE
r-devel-linux-x86_64-debian-gcc 0.1.6 6.67 64.10 70.77 NOTE
r-devel-linux-x86_64-fedora-clang 0.1.6 116.48 NOTE
r-devel-linux-x86_64-fedora-gcc 0.1.6 128.19 NOTE
r-devel-windows-x86_64 0.1.6 8.00 81.00 89.00 NOTE
r-patched-linux-x86_64 0.1.6 7.31 83.25 90.56 NOTE
r-release-linux-x86_64 0.1.6 7.30 82.94 90.24 NOTE
r-release-macos-arm64 0.1.6 49.00 NOTE
r-release-macos-x86_64 0.1.6 81.00 NOTE
r-release-windows-x86_64 0.1.6 11.00 93.00 104.00 NOTE
r-oldrel-macos-arm64 0.1.6 40.00 NOTE
r-oldrel-windows-x86_64 0.1.6 13.00 98.00 111.00 NOTE

Check Details

Version: 0.1.6
Check: package dependencies
Result: NOTE Package suggested but not available for checking: ‘epidict’ Flavors: r-devel-linux-x86_64-debian-clang, r-devel-linux-x86_64-debian-gcc, r-devel-linux-x86_64-fedora-clang, r-devel-linux-x86_64-fedora-gcc, r-devel-windows-x86_64, r-patched-linux-x86_64, r-release-linux-x86_64, r-release-macos-arm64, r-release-macos-x86_64, r-release-windows-x86_64, r-oldrel-macos-arm64, r-oldrel-windows-x86_64