CRAN Package Check Results for Package epinetr

Last updated on 2024-02-24 16:48:18 CET.

Flavor Version Tinstall Tcheck Ttotal Status Flags
r-devel-linux-x86_64-debian-clang 0.96 43.64 271.71 315.35 NOTE
r-devel-linux-x86_64-debian-gcc 0.96 30.22 194.25 224.47 NOTE
r-devel-linux-x86_64-fedora-clang 0.96 374.91 OK
r-devel-linux-x86_64-fedora-gcc 0.96 413.71 OK
r-devel-windows-x86_64 0.96 33.00 245.00 278.00 OK
r-patched-linux-x86_64 0.96 35.78 261.93 297.71 OK
r-release-linux-x86_64 0.96 26.23 274.38 300.61 OK
r-release-macos-arm64 0.96 126.00 OK
r-release-macos-x86_64 0.96 220.00 OK
r-release-windows-x86_64 0.96 40.00 280.00 320.00 OK
r-oldrel-macos-arm64 0.96 115.00 OK
r-oldrel-windows-x86_64 0.96 37.00 268.00 305.00 OK

Check Details

Version: 0.96
Check: Rd files
Result: NOTE checkRd: (-1) runSim.Rd:111: Lost braces 111 | \ifelse{html}{\out{<i>r</i><sub>1</sub> = 1}}{{\eqn{r_1 = 1}}{r_1 = 1}} while the individual with the lowest phenotypic value | ^ checkRd: (-1) runSim.Rd:112: Lost braces 112 | is given the rank \ifelse{html}{\out{<i>r<sub>n</sub></i> = <i>n</i>}}{{\eqn{r_n = n}}{r_n = n}}), the probability of an individual | ^ checkRd: (-1) runSim.Rd:120-122: Lost braces 120 | }{ | ^ Flavors: r-devel-linux-x86_64-debian-clang, r-devel-linux-x86_64-debian-gcc