CRAN Package Check Results for Package epxToR

Last updated on 2024-05-26 15:49:49 CEST.

Flavor Version Tinstall Tcheck Ttotal Status Flags
r-devel-linux-x86_64-debian-clang 0.4-1 3.41 31.14 34.55 NOTE
r-devel-linux-x86_64-debian-gcc 0.4-1 2.59 23.88 26.47 NOTE
r-devel-linux-x86_64-fedora-clang 0.4-1 45.73 NOTE
r-devel-linux-x86_64-fedora-gcc 0.4-1 40.99 NOTE
r-devel-windows-x86_64 0.4-1 4.00 44.00 48.00 NOTE
r-patched-linux-x86_64 0.4-1 3.73 29.97 33.70 NOTE
r-release-linux-x86_64 0.4-1 2.79 29.95 32.74 NOTE
r-release-macos-arm64 0.4-1 18.00 NOTE
r-release-windows-x86_64 0.4-1 4.00 47.00 51.00 NOTE
r-oldrel-macos-arm64 0.4-1 19.00 NOTE
r-oldrel-macos-x86_64 0.4-1 25.00 NOTE
r-oldrel-windows-x86_64 0.4-1 5.00 46.00 51.00 NOTE

Check Details

Version: 0.4-1
Check: LazyData
Result: NOTE 'LazyData' is specified without a 'data' directory Flavors: r-devel-linux-x86_64-debian-clang, r-devel-linux-x86_64-debian-gcc, r-devel-linux-x86_64-fedora-clang, r-devel-linux-x86_64-fedora-gcc, r-devel-windows-x86_64, r-patched-linux-x86_64, r-release-linux-x86_64, r-release-macos-arm64, r-release-windows-x86_64, r-oldrel-macos-arm64, r-oldrel-macos-x86_64, r-oldrel-windows-x86_64