CRAN Package Check Results for Package ergm

Last updated on 2024-02-28 08:54:26 CET.

Flavor Version Tinstall Tcheck Ttotal Status Flags
r-devel-linux-x86_64-debian-clang 4.6.0 90.24 688.60 778.84 OK --no-vignettes
r-devel-linux-x86_64-debian-gcc 4.6.0 75.62 514.03 589.65 OK --no-vignettes
r-devel-linux-x86_64-fedora-clang 4.6.0 1244.99 NOTE
r-devel-linux-x86_64-fedora-gcc 4.6.0 1283.98 OK
r-devel-windows-x86_64 4.6.0 88.00 215.00 303.00 OK --no-examples --no-tests --no-vignettes
r-patched-linux-x86_64 4.6.0 101.94 667.04 768.98 WARN --no-vignettes
r-release-linux-x86_64 4.6.0 92.82 673.60 766.42 OK --no-vignettes
r-release-macos-arm64 4.6.0 413.00 NOTE
r-release-macos-x86_64 4.6.0 628.00 NOTE
r-release-windows-x86_64 4.6.0 114.00 203.00 317.00 OK --no-examples --no-tests --no-vignettes
r-oldrel-macos-arm64 4.6.0 317.00 NOTE
r-oldrel-windows-x86_64 4.6.0 110.00 157.00 267.00 OK --no-examples --no-tests --no-vignettes

Check Details

Version: 4.6.0
Check: installed package size
Result: NOTE installed size is 5.4Mb sub-directories of 1Mb or more: R 1.0Mb doc 1.7Mb Flavors: r-devel-linux-x86_64-fedora-clang, r-release-macos-arm64, r-release-macos-x86_64, r-oldrel-macos-arm64

Version: 4.6.0
Flags: --no-vignettes
Check: whether package can be installed
Result: WARN Found the following significant warnings: Rd warning: no hsearch.rds meta data for package ergm See ‘/home/hornik/tmp/R.check/r-patched-gcc/Work/PKGS/ergm.Rcheck/00install.out’ for details. * used C compiler: ‘gcc-13 (Debian 13.2.0-13) 13.2.0’ Flavor: r-patched-linux-x86_64