CRAN Package Check Results for Package ergm.rank

Last updated on 2024-02-27 16:49:15 CET.

Flavor Version Tinstall Tcheck Ttotal Status Flags
r-devel-linux-x86_64-debian-clang 4.1.0 13.23 400.62 413.85 NOTE
r-devel-linux-x86_64-debian-gcc 4.1.0 11.81 279.79 291.60 NOTE
r-devel-linux-x86_64-fedora-clang 4.1.0 609.57 NOTE
r-devel-linux-x86_64-fedora-gcc 4.1.0 527.25 NOTE
r-devel-windows-x86_64 4.1.0 14.00 292.00 306.00 OK
r-patched-linux-x86_64 4.1.0 19.45 390.77 410.22 OK
r-release-linux-x86_64 4.1.0 15.81 500.22 516.03 OK
r-release-macos-arm64 4.1.0 239.00 OK
r-release-macos-x86_64 4.1.0 314.00 OK
r-release-windows-x86_64 4.1.0 18.00 431.00 449.00 OK
r-oldrel-macos-arm64 4.1.0 195.00 OK
r-oldrel-windows-x86_64 4.1.0 21.00 408.00 429.00 OK

Check Details

Version: 4.1.0
Check: Rd files
Result: NOTE checkRd: (-1) ergm.rank-package.Rd:42: Lost braces 42 | 1100-1128. c("\\Sexpr[results=rd,stage=build]{tools:::Rd_expr_doi(\"#1\")}", | ^ Flavors: r-devel-linux-x86_64-debian-clang, r-devel-linux-x86_64-debian-gcc, r-devel-linux-x86_64-fedora-clang, r-devel-linux-x86_64-fedora-gcc