CRAN Package Check Results for Package esaps

Last updated on 2024-02-29 00:55:39 CET.

Flavor Version Tinstall Tcheck Ttotal Status Flags
r-devel-linux-x86_64-debian-clang 0.2.2 2.85 27.52 30.37 NOTE
r-devel-linux-x86_64-debian-gcc 0.2.2 2.39 21.35 23.74 NOTE
r-devel-linux-x86_64-fedora-clang 0.2.2 37.99 NOTE
r-devel-linux-x86_64-fedora-gcc 0.2.2 38.09 NOTE
r-devel-windows-x86_64 0.2.2 4.00 43.00 47.00 OK
r-patched-linux-x86_64 0.2.2 3.94 26.98 30.92 OK
r-release-linux-x86_64 0.2.2 2.18 26.56 28.74 OK
r-release-macos-arm64 0.2.2 18.00 OK
r-release-macos-x86_64 0.2.2 22.00 OK
r-release-windows-x86_64 0.2.2 6.00 44.00 50.00 OK
r-oldrel-macos-arm64 0.2.2 17.00 OK
r-oldrel-windows-x86_64 0.2.2 5.00 47.00 52.00 OK

Check Details

Version: 0.2.2
Check: Rd files
Result: NOTE checkRd: (-1) enp.Rd:30: Lost braces in \itemize; \value handles \item{}{} directly checkRd: (-1) enp.Rd:31: Lost braces in \itemize; \value handles \item{}{} directly checkRd: (-1) evolat.Rd:49: Lost braces in \itemize; \value handles \item{}{} directly checkRd: (-1) evolat.Rd:50: Lost braces in \itemize; \value handles \item{}{} directly checkRd: (-1) psns.Rd:37: Lost braces in \itemize; \value handles \item{}{} directly checkRd: (-1) psns.Rd:38: Lost braces in \itemize; \value handles \item{}{} directly Flavors: r-devel-linux-x86_64-debian-clang, r-devel-linux-x86_64-debian-gcc, r-devel-linux-x86_64-fedora-clang, r-devel-linux-x86_64-fedora-gcc