CRAN Package Check Results for Package estimatr

Last updated on 2024-02-25 16:51:40 CET.

Flavor Version Tinstall Tcheck Ttotal Status Flags
r-devel-linux-x86_64-debian-clang 1.0.2 92.65 152.70 245.35 OK
r-devel-linux-x86_64-debian-gcc 1.0.2 78.15 119.20 197.35 OK
r-devel-linux-x86_64-fedora-clang 1.0.2 337.47 OK
r-devel-linux-x86_64-fedora-gcc 1.0.2 364.81 OK
r-devel-windows-x86_64 1.0.2 75.00 150.00 225.00 OK
r-patched-linux-x86_64 1.0.2 96.79 157.04 253.83 OK
r-release-linux-x86_64 1.0.2 94.64 152.61 247.25 OK
r-release-macos-arm64 1.0.2 90.00 NOTE
r-release-macos-x86_64 1.0.2 268.00 NOTE
r-release-windows-x86_64 1.0.2 92.00 188.00 280.00 OK
r-oldrel-macos-arm64 1.0.2 88.00 NOTE
r-oldrel-windows-x86_64 1.0.2 86.00 176.00 262.00 OK

Check Details

Version: 1.0.2
Check: installed package size
Result: NOTE installed size is 25.1Mb sub-directories of 1Mb or more: libs 24.7Mb Flavors: r-release-macos-arm64, r-release-macos-x86_64, r-oldrel-macos-arm64