CRAN Package Check Results for Package eunis.habitats

Last updated on 2024-02-28 16:50:33 CET.

Flavor Version Tinstall Tcheck Ttotal Status Flags
r-devel-linux-x86_64-debian-clang 0.1.0 4.65 37.60 42.25 OK
r-devel-linux-x86_64-debian-gcc 0.1.0 3.96 29.29 33.25 OK
r-devel-linux-x86_64-fedora-clang 0.1.0 54.26 NOTE
r-devel-linux-x86_64-fedora-gcc 0.1.0 55.18 NOTE
r-devel-windows-x86_64 0.1.0 6.00 49.00 55.00 OK
r-patched-linux-x86_64 0.1.0 5.04 37.52 42.56 OK
r-release-linux-x86_64 0.1.0 5.14 37.92 43.06 OK
r-release-macos-arm64 0.1.0 23.00 OK
r-release-macos-x86_64 0.1.0 33.00 OK
r-release-windows-x86_64 0.1.0 8.00 54.00 62.00 OK
r-oldrel-macos-arm64 0.1.0 26.00 OK
r-oldrel-windows-x86_64 0.1.0 8.00 58.00 66.00 OK

Check Details

Version: 0.1.0
Check: data for non-ASCII characters
Result: NOTE Note: found 1350 marked UTF-8 strings Flavors: r-devel-linux-x86_64-fedora-clang, r-devel-linux-x86_64-fedora-gcc