Last updated on 2024-03-28 15:49:46 CET.
Flavor | Version | Tinstall | Tcheck | Ttotal | Status | Flags |
---|---|---|---|---|---|---|
r-devel-linux-x86_64-debian-clang | 1.0.0 | 223.89 | 64.71 | 288.60 | NOTE | |
r-devel-linux-x86_64-debian-gcc | 1.0.0 | 178.27 | 50.10 | 228.37 | NOTE | |
r-devel-linux-x86_64-fedora-clang | 1.0.0 | 450.88 | NOTE | |||
r-devel-linux-x86_64-fedora-gcc | 1.0.0 | 437.18 | NOTE | |||
r-devel-windows-x86_64 | 1.0.0 | 169.00 | 96.00 | 265.00 | NOTE | |
r-patched-linux-x86_64 | 1.0.0 | 219.15 | 64.08 | 283.23 | NOTE | |
r-release-linux-x86_64 | 1.0.0 | 224.64 | 64.67 | 289.31 | NOTE | |
r-release-macos-arm64 | 1.0.0 | 93.00 | NOTE | |||
r-release-macos-x86_64 | 1.0.0 | 162.00 | NOTE | |||
r-release-windows-x86_64 | 1.0.0 | 211.00 | 111.00 | 322.00 | NOTE | |
r-oldrel-macos-arm64 | 1.0.0 | 92.00 | NOTE | |||
r-oldrel-windows-x86_64 | 1.0.0 | 213.00 | 104.00 | 317.00 | OK |
Version: 1.0.0
Check: C++ specification
Result: NOTE
Specified C++11: please drop specification unless essential
Flavors: r-devel-linux-x86_64-debian-clang, r-devel-linux-x86_64-debian-gcc, r-devel-linux-x86_64-fedora-clang, r-devel-linux-x86_64-fedora-gcc, r-devel-windows-x86_64, r-patched-linux-x86_64, r-release-linux-x86_64, r-release-macos-arm64, r-release-macos-x86_64, r-release-windows-x86_64
Version: 1.0.0
Check: Rd files
Result: NOTE
checkRd: (-1) colplot.Rd:52: Lost braces
52 | \item{legend}{should a legend be added? Defaults to code{FALSE}}
| ^
checkRd: (-1) colplot.Rd:56: Lost braces
56 | \item{legend.pretty}{logical: should the legend values produced by \[base]{pretty}? Othewrwise they are exact. Defaults to \code{TRUE}}
| ^
Flavors: r-devel-linux-x86_64-debian-clang, r-devel-linux-x86_64-debian-gcc, r-devel-linux-x86_64-fedora-clang, r-devel-linux-x86_64-fedora-gcc, r-devel-windows-x86_64, r-patched-linux-x86_64
Version: 1.0.0
Check: installed package size
Result: NOTE
installed size is 7.4Mb
sub-directories of 1Mb or more:
libs 6.5Mb
Flavors: r-release-macos-arm64, r-release-macos-x86_64, r-oldrel-macos-arm64