CRAN Package Check Results for Package exceedProb

Last updated on 2024-02-21 00:54:27 CET.

Flavor Version Tinstall Tcheck Ttotal Status Flags
r-devel-linux-x86_64-debian-clang 0.0.1 NOTE
r-devel-linux-x86_64-debian-gcc 0.0.1 24.41 20.86 45.27 NOTE
r-devel-linux-x86_64-fedora-clang 0.0.1 86.42 NOTE
r-devel-linux-x86_64-fedora-gcc 0.0.1 89.13 NOTE
r-devel-windows-x86_64 0.0.1 27.00 69.00 96.00 NOTE
r-patched-linux-x86_64 0.0.1 28.37 26.97 55.34 NOTE
r-release-linux-x86_64 0.0.1 35.07 26.95 62.02 NOTE
r-release-macos-arm64 0.0.1 25.00 NOTE
r-release-macos-x86_64 0.0.1 38.00 NOTE
r-release-windows-x86_64 0.0.1 24.00 67.00 91.00 NOTE
r-oldrel-macos-arm64 0.0.1 27.00 NOTE
r-oldrel-windows-x86_64 0.0.1 33.00 67.00 100.00 NOTE

Check Details

Version: 0.0.1
Check: LazyData
Result: NOTE 'LazyData' is specified without a 'data' directory Flavors: r-devel-linux-x86_64-debian-clang, r-devel-linux-x86_64-debian-gcc, r-devel-linux-x86_64-fedora-clang, r-devel-linux-x86_64-fedora-gcc, r-devel-windows-x86_64, r-patched-linux-x86_64, r-release-linux-x86_64, r-release-macos-arm64, r-release-macos-x86_64, r-release-windows-x86_64, r-oldrel-macos-arm64, r-oldrel-windows-x86_64

Version: 0.0.1
Check: C++ specification
Result: NOTE Specified C++11: please drop specification unless essential Flavors: r-devel-windows-x86_64, r-release-windows-x86_64