CRAN Package Check Results for Package excessmort

Last updated on 2024-02-28 00:56:19 CET.

Flavor Version Tinstall Tcheck Ttotal Status Flags
r-devel-linux-x86_64-debian-clang 0.6.1 23.40 163.86 187.26 OK
r-devel-linux-x86_64-debian-gcc 0.6.1 19.21 124.80 144.01 OK
r-devel-linux-x86_64-fedora-clang 0.6.1 238.91 NOTE
r-devel-linux-x86_64-fedora-gcc 0.6.1 254.88 NOTE
r-devel-windows-x86_64 0.6.1 20.00 142.00 162.00 OK
r-patched-linux-x86_64 0.6.1 18.68 164.94 183.62 OK
r-release-linux-x86_64 0.6.1 19.37 161.22 180.59 OK
r-release-macos-arm64 0.6.1 88.00 OK
r-release-macos-x86_64 0.6.1 135.00 NOTE
r-release-windows-x86_64 0.6.1 27.00 164.00 191.00 OK
r-oldrel-macos-arm64 0.6.1 80.00 NOTE
r-oldrel-windows-x86_64 0.6.1 27.00 174.00 201.00 OK

Check Details

Version: 0.6.1
Check: data for non-ASCII characters
Result: NOTE Note: found 342 marked UTF-8 strings Flavors: r-devel-linux-x86_64-fedora-clang, r-devel-linux-x86_64-fedora-gcc, r-oldrel-macos-arm64

Version: 0.6.1
Check: installed package size
Result: NOTE installed size is 5.4Mb sub-directories of 1Mb or more: data 4.6Mb Flavor: r-release-macos-x86_64