CRAN Package Check Results for Package expertsurv

Last updated on 2024-02-26 16:56:23 CET.

Flavor Version Tinstall Tcheck Ttotal Status Flags
r-devel-linux-x86_64-debian-clang 1.3.0 796.26 295.14 1091.40 NOTE
r-devel-linux-x86_64-debian-gcc 1.3.0 723.38 262.18 985.56 NOTE
r-devel-linux-x86_64-fedora-clang 1.3.0 1360.26 NOTE
r-devel-linux-x86_64-fedora-gcc 1.3.0 1805.71 NOTE
r-devel-windows-x86_64 1.3.0 592.00 267.00 859.00 NOTE
r-patched-linux-x86_64 1.3.0 604.83 337.06 941.89 NOTE
r-release-linux-x86_64 1.3.0 657.43 339.76 997.19 NOTE
r-release-macos-arm64 1.3.0 377.00 NOTE
r-release-macos-x86_64 1.3.0 493.00 NOTE
r-release-windows-x86_64 1.3.0 754.00 348.00 1102.00 NOTE
r-oldrel-macos-arm64 1.3.0 399.00 NOTE
r-oldrel-windows-x86_64 1.3.0 718.00 326.00 1044.00 NOTE

Check Details

Version: 1.3.0
Check: for GNU extensions in Makefiles
Result: NOTE GNU make is a SystemRequirements. Flavors: r-devel-linux-x86_64-debian-clang, r-devel-linux-x86_64-debian-gcc, r-devel-linux-x86_64-fedora-clang, r-devel-linux-x86_64-fedora-gcc, r-devel-windows-x86_64, r-patched-linux-x86_64, r-release-linux-x86_64, r-release-macos-arm64, r-release-macos-x86_64, r-release-windows-x86_64, r-oldrel-macos-arm64, r-oldrel-windows-x86_64

Version: 1.3.0
Check: installed package size
Result: NOTE installed size is 10.3Mb sub-directories of 1Mb or more: doc 1.7Mb libs 7.0Mb Flavors: r-devel-linux-x86_64-fedora-clang, r-devel-windows-x86_64, r-release-macos-arm64, r-release-macos-x86_64, r-release-windows-x86_64, r-oldrel-macos-arm64, r-oldrel-windows-x86_64

Version: 1.3.0
Check: dependencies in R code
Result: NOTE Namespaces in Imports field not imported from: ‘RcppParallel’ ‘rstantools’ All declared Imports should be used. Flavors: r-devel-linux-x86_64-fedora-clang, r-devel-linux-x86_64-fedora-gcc